49 composite?
False
Is 25240423 composite?
True
Is 78567157 composite?
False
Is 525667747 a composite number?
True
Is 2415469 composite?
True
Is 17984801 a prime number?
False
Is 48663155 composite?
True
Is 184180341 a composite number?
True
Is 463297453 a composite number?
False
Is 67967951 a composite number?
False
Is 7155439 composite?
False
Is 103532213 composite?
False
Is 2431069 prime?
False
Is 106294091 a prime number?
True
Is 19378063 a composite number?
True
Is 42041323 a composite number?
True
Is 3083693 composite?
False
Is 149213 composite?
False
Is 400649 a prime number?
False
Is 9044099 a prime number?
True
Is 789823 a composite number?
False
Is 3980323 a composite number?
False
Is 2000743 a prime number?
False
Is 479571919 prime?
False
Is 19969979 a prime number?
True
Is 6754907 a prime number?
False
Is 226883771 composite?
False
Is 229852381 a composite number?
True
Is 688285721 prime?
False
Is 3086777 a composite number?
True
Is 4543703 prime?
True
Is 26932111 composite?
False
Is 348702295 a composite number?
True
Is 182807399 a prime number?
False
Is 800031 prime?
False
Is 348947 a prime number?
False
Is 47414285 a composite number?
True
Is 7376839 a prime number?
False
Is 19141559 composite?
False
Is 4412609 composite?
True
Is 3248461 prime?
True
Is 1347667 a prime number?
True
Is 482033491 composite?
False
Is 5157673 composite?
True
Is 540448739 prime?
True
Is 890429 a prime number?
True
Is 35727 prime?
False
Is 152832241 a composite number?
False
Is 250583 a prime number?
True
Is 3133513 a prime number?
True
Is 5977009 composite?
False
Is 1010897 a prime number?
True
Is 23673413 prime?
True
Is 1457807 composite?
True
Is 652681 composite?
True
Is 141199963 a composite number?
True
Is 3076441 composite?
True
Is 7493987 a composite number?
True
Is 1157515 composite?
True
Is 21836861 prime?
True
Is 38696663 composite?
False
Is 5382151 a composite number?
False
Is 6930947 prime?
True
Is 2657053 a composite number?
True
Is 1565545 a prime number?
False
Is 54062301 a composite number?
True
Is 12506491 composite?
False
Is 2429617 a composite number?
False
Is 189871511 prime?
True
Is 5690957 composite?
False
Is 15064783 a prime number?
True
Is 47073523 a prime number?
False
Is 6031709 prime?
True
Is 306341459 a prime number?
True
Is 1337081 a composite number?
True
Is 1825037 prime?
False
Is 2671813 a prime number?
True
Is 434617 prime?
False
Is 4024643 prime?
False
Is 9131579 composite?
False
Is 6234979 composite?
False
Is 2210723 a prime number?
True
Is 10756822 composite?
True
Is 3824879 a prime number?
True
Is 28681577 a composite number?
False
Is 19679903 composite?
False
Is 26402899 a prime number?
True
Is 3361486 a composite number?
True
Is 17719589 prime?
True
Is 15797701 a composite number?
False
Is 519769 prime?
True
Is 53268451 a composite number?
False
Is 384091699 a prime number?
True
Is 6644579 a composite number?
False
Is 291369697 composite?
False
Is 34337341 composite?
False
Is 382520573 composite?
True
Is 68457271 prime?
True
Is 68356453 a prime number?
False
Is 731919689 a prime number?
True
Is 59696349 a composite number?
True
Is 1207099 a prime number?
False
Is 35366251 prime?
True
Is 21547457 composite?
True
Is 2063503 a composite number?
True
Is 21093221 composite?
True
Is 48152189 a prime number?
False
Is 24908843 prime?
True
Is 4175287 prime?
False
Is 26365931 composite?
True
Is 696089 composite?
True
Is 28798013 prime?
False
Is 743556565 composite?
True
Is 26576701 a prime number?
True
Is 58945463 composite?
False
Is 200227 a composite number?
False
Is 64817 composite?
False
Is 162234169 a prime number?
False
Is 496462273 prime?
True
Is 7932293 a composite number?
True
Is 387397 prime?
True
Is 22844183 prime?
True
Is 4266797 a composite number?
False
Is 14458499 a composite number?
True
Is 412633 composite?
True
Is 28812899 composite?
True
Is 101285923 composite?
True
Is 208005155 a composite number?
True
Is 5418407 composite?
False
Is 7618717 composite?
True
Is 103055399 a composite number?
False
Is 174065737 prime?
False
Is 14185421 a composite number?
True
Is 782627051 a prime number?
True
Is 2970361 prime?
False
Is 2450451 a prime number?
False
Is 9938281 a prime number?
True
Is 141643717 a prime number?
False
Is 2130553 prime?
False
Is 1848109 prime?
False
Is 19336523 composite?
False
Is 580941619 prime?
True
Is 7212551 composite?
False
Is 37545127 prime?
True
Is 653743 a composite number?
False
Is 13003667 composite?
True
Is 95669083 composite?
False
Is 74642671 a composite number?
False
Is 1310917 a composite number?
True
Is 3081161 a composite number?
False
Is 175123581 a prime number?
False
Is 158489 a composite number?
False
Is 3542927 prime?
True
Is 7202303 a prime number?
True
Is 50827747 prime?
True
Is 5733863 composite?
True
Is 3897406 prime?
False
Is 158077609 composite?
True
Is 2755267 a composite number?
False
Is 19285649 a prime number?
True
Is 60400931 prime?
True
Is 2779655 a composite number?
True
Is 14930849 prime?
True
Is 893999 prime?
True
Is 16065103 prime?
True
Is 168369527 prime?
True
Is 4297793 a composite number?
False
Is 81310937 composite?
True
Is 10551049 a composite number?
False
Is 1573135 prime?
False
Is 395076349 composite?
False
Is 195619367 composite?
False
Is 7821043 prime?
True
Is 473741 prime?
True
Is 4613734 composite?
True
Is 20173561 composite?
False
Is 24654589 prime?
True
Is 98475269 a prime number?
True
Is 472457 prime?
True
Is 2608058 prime?
False
Is 70666829 a composite number?
False
Is 375211 prime?
False
Is 9972913 a prime number?
True
Is 159122 prime?
False
Is 151799 prime?
True
Is 7418078 composite?
True
Is 102212059 prime?
True
Is 692439271 a prime number?
True
Is 29716331 composite?
False
Is 93297539 a composite number?
True
Is 25181549 a composite number?
False
Is 6505013 a composite number?
False
Is 8474981 a prime number?
True
Is 20723137 a composite number?
False
Is 21306595 composite?
True
Is 2084977 prime?
True
Is 7528637 a prime number?
False
Is 15180593 a prime number?
True
Is 43971349 a composite number?
False
Is 19404131 composite?
False
Is 12203173 a composite number?
False
Is 2835359 a composite number?
True
Is 2049611 a composite number?
False
Is 22644455 prime?
False
Is 68857613 composite?
True
Is 2535157 a prime number?
False
Is 77529293 composite?
True
Is 818861305 composite?
True
Is 1778297 a prime number?
False
Is 4298663 a prime number?
True
Is 3119659 prime?
True
Is 625403 a composite number?
True
Is 5297969 a composite number?
True
Is 9025387 a prime number?
False
Is 293471341 a prime number?
True
Is 299413 a prime number?
False
Is 2809931 a composite number?
False
Is 8380511 a composite number?
False
Is 34458631 a composite number?
True
Is 87407671 a prime number?
False
Is 66676273 a prime number?
False
Is 384817249 prime?
True
Is 39975119 prime?
True
Is 96740555 a prime number?
False
Is 423510979 prime?
True
Is 2377927 composite?
False
Is 146385497 a prime number?
False
Is 23106361 a composite number?
False
Is 2070623 a prime number?
False
Is 7381669 a composite number?
True
Is 146507 composite?
True
Is 6185813 a composite number?
False
Is 1027139 composite?
False
Is 6838361 a prime number?
False
Is 3733729 composite?
False
Is 359453411 a composite number?
True
Is 199402733 prime?
False
Is 4798753 prime?
False
Is 58271 composite?
False
Is 104856473 prime?
False
Is 296941607 a prime number?
True
Is 2571319 a prime number?
False
Is 16676573 composite?
False
Is 120550957 a composite number?
True
Is 390217169 prime?
True
Is 36387865 prime?
False
Is 1815799 composite?
False
Is 1691003 prime?
True
Is 353650123 a composite number?
True
Is 77311037 a composite number?
True
Is 657899 composite?
True
Is 256032871 a composite number?
False
Is 61388381 composite?
False
Is 1615403 a composite number?
False
Is 3155033 composite?
True
Is 478974434 a composite number?
True
Is 16884874 prime?
False
Is 25458185 prime?
False
Is 175856423 a composite number?
False
Is 429037501 a composite number?
False
Is 1035654407 a composite number?
False
Is 376387793 composite?
True
Is 873941 prime?
False
Is 4070093 a composite number?
False
Is 6854401 prime?
True
Is 4079902 prime?
False
Is 20334217 composite?
False
Is 38833181 prime?
True
Is 40351079 prime?